{"id":180,"date":"2020-03-27T08:39:21","date_gmt":"2020-03-27T07:39:21","guid":{"rendered":"http:\/\/www.pm-komplexniuklid.cz\/?page_id=180"},"modified":"2020-04-06T11:44:10","modified_gmt":"2020-04-06T09:44:10","slug":"obchodni-partneri","status":"publish","type":"page","link":"https:\/\/www.pm-komplexniuklid.cz\/?page_id=180","title":{"rendered":"Obchodn\u00ed partne\u0159i"},"content":{"rendered":"\n<div class=\"wp-block-media-text alignwide is-stacked-on-mobile\" style=\"grid-template-columns:21% auto\"><figure class=\"wp-block-media-text__media\"><img loading=\"lazy\" width=\"225\" height=\"225\" src=\"http:\/\/www.pm-komplexniuklid.cz\/wp-content\/uploads\/2020\/03\/trw.png\" alt=\"\" class=\"wp-image-184\" srcset=\"https:\/\/www.pm-komplexniuklid.cz\/wp-content\/uploads\/2020\/03\/trw.png 225w, https:\/\/www.pm-komplexniuklid.cz\/wp-content\/uploads\/2020\/03\/trw-150x150.png 150w, https:\/\/www.pm-komplexniuklid.cz\/wp-content\/uploads\/2020\/03\/trw-53x53.png 53w\" sizes=\"(max-width: 225px) 100vw, 225px\" \/><\/figure><div class=\"wp-block-media-text__content\">\n<p><\/p>\n\n\n\n<p class=\"has-medium-font-size\">\u010di\u0161t\u011bn\u00ed maskov\u00e1n\u00ed<\/p>\n<\/div><\/div>\n\n\n\n<div class=\"wp-block-media-text alignwide is-stacked-on-mobile\" style=\"grid-template-columns:22% auto\"><figure class=\"wp-block-media-text__media\"><img loading=\"lazy\" width=\"225\" height=\"225\" src=\"http:\/\/www.pm-komplexniuklid.cz\/wp-content\/uploads\/2020\/03\/Denso.png\" alt=\"\" class=\"wp-image-181\" srcset=\"https:\/\/www.pm-komplexniuklid.cz\/wp-content\/uploads\/2020\/03\/Denso.png 225w, https:\/\/www.pm-komplexniuklid.cz\/wp-content\/uploads\/2020\/03\/Denso-150x150.png 150w, https:\/\/www.pm-komplexniuklid.cz\/wp-content\/uploads\/2020\/03\/Denso-53x53.png 53w\" sizes=\"(max-width: 225px) 100vw, 225px\" \/><\/figure><div class=\"wp-block-media-text__content\">\n<p><\/p>\n\n\n\n<p class=\"has-medium-font-size\">kompletace, \u010di\u0161t\u011bn\u00ed maskov\u00e1n\u00ed<\/p>\n<\/div><\/div>\n\n\n\n<div class=\"wp-container-69e153b4286d5 wp-block-group alignwide\"><div class=\"wp-block-group__inner-container\">\n<div class=\"wp-block-media-text alignwide is-stacked-on-mobile\" style=\"grid-template-columns:22% auto\"><figure class=\"wp-block-media-text__media\"><img loading=\"lazy\" width=\"428\" height=\"118\" src=\"http:\/\/www.pm-komplexniuklid.cz\/wp-content\/uploads\/2020\/03\/electr.png\" alt=\"\" class=\"wp-image-183\" srcset=\"https:\/\/www.pm-komplexniuklid.cz\/wp-content\/uploads\/2020\/03\/electr.png 428w, https:\/\/www.pm-komplexniuklid.cz\/wp-content\/uploads\/2020\/03\/electr-300x83.png 300w\" sizes=\"(max-width: 428px) 100vw, 428px\" \/><\/figure><div class=\"wp-block-media-text__content\">\n<p><\/p>\n\n\n\n<p class=\"has-medium-font-size\">\u010di\u0161t\u011bn\u00ed maskov\u00e1n\u00ed<\/p>\n<\/div><\/div>\n<\/div><\/div>\n\n\n\n<div class=\"wp-block-media-text alignwide is-stacked-on-mobile\" style=\"grid-template-columns:21% auto\"><figure class=\"wp-block-media-text__media\"><img loading=\"lazy\" width=\"277\" height=\"182\" src=\"http:\/\/www.pm-komplexniuklid.cz\/wp-content\/uploads\/2020\/03\/drivvv.jpg\" alt=\"\" class=\"wp-image-182\"\/><\/figure><div class=\"wp-block-media-text__content\">\n<p><\/p>\n\n\n\n<p class=\"has-medium-font-size\">kompletace, \u010di\u0161t\u011bn\u00ed maskov\u00e1n\u00ed<\/p>\n<\/div><\/div>\n\n\n\n<p><\/p>\n\n\n\n<p class=\"has-medium-font-size\"><\/p>\n\n\n\n<p><\/p>\n","protected":false},"excerpt":{"rendered":"<p>\u010di\u0161t\u011bn\u00ed maskov\u00e1n\u00ed kompletace, \u010di\u0161t\u011bn\u00ed maskov\u00e1n\u00ed \u010di\u0161t\u011bn\u00ed maskov\u00e1n\u00ed kompletace, \u010di\u0161t\u011bn\u00ed maskov\u00e1n\u00ed<\/p>\n","protected":false},"author":1,"featured_media":0,"parent":0,"menu_order":0,"comment_status":"closed","ping_status":"closed","template":"","meta":[],"_links":{"self":[{"href":"https:\/\/www.pm-komplexniuklid.cz\/index.php?rest_route=\/wp\/v2\/pages\/180"}],"collection":[{"href":"https:\/\/www.pm-komplexniuklid.cz\/index.php?rest_route=\/wp\/v2\/pages"}],"about":[{"href":"https:\/\/www.pm-komplexniuklid.cz\/index.php?rest_route=\/wp\/v2\/types\/page"}],"author":[{"embeddable":true,"href":"https:\/\/www.pm-komplexniuklid.cz\/index.php?rest_route=\/wp\/v2\/users\/1"}],"replies":[{"embeddable":true,"href":"https:\/\/www.pm-komplexniuklid.cz\/index.php?rest_route=%2Fwp%2Fv2%2Fcomments&post=180"}],"version-history":[{"count":30,"href":"https:\/\/www.pm-komplexniuklid.cz\/index.php?rest_route=\/wp\/v2\/pages\/180\/revisions"}],"predecessor-version":[{"id":277,"href":"https:\/\/www.pm-komplexniuklid.cz\/index.php?rest_route=\/wp\/v2\/pages\/180\/revisions\/277"}],"wp:attachment":[{"href":"https:\/\/www.pm-komplexniuklid.cz\/index.php?rest_route=%2Fwp%2Fv2%2Fmedia&parent=180"}],"curies":[{"name":"wp","href":"https:\/\/api.w.org\/{rel}","templated":true}]}}